{"id":2525,"date":"2016-12-15T14:03:15","date_gmt":"2016-12-15T20:03:15","guid":{"rendered":"http:\/\/www.starline.com.mx\/site?page_id=2525"},"modified":"2016-12-16T19:58:34","modified_gmt":"2016-12-17T01:58:34","slug":"riesgo-de-explosion-la-importancia-del-uso-de-una-valvula-de-seguridad","status":"publish","type":"page","link":"https:\/\/www.starline.com.mx\/site\/empresa\/blog\/riesgo-de-explosion-la-importancia-del-uso-de-una-valvula-de-seguridad\/","title":{"rendered":"Riesgo de explosi\u00f3n, la importancia del uso de una v\u00e1lvula de seguridad"},"content":{"rendered":"<p><font size=\"6\"><\/p>\n<p align=\"justify\">En cualquier lugar que usted quiera tener alta presi\u00f3n, ser\u00e1 necesario el uso de una v\u00e1lvula de seguridad (tambi\u00e9n conocida como v\u00e1lvula de alivio de presi\u00f3n). Una v\u00e1lvula seguridad libera aire de manera firme y consistentemente a la atm\u00f3sfera, siempre y cuando la presi\u00f3n de aire  dentro del tanque del compresor llegue a ser demasiado alta.<\/p>\n<p>Generalmente, una v\u00e1lvula de seguridad tendr\u00e1 rosca macho en un extremo, con un anillo en el otro extremo (como se muestra en la foto de la derecha). De manera manual, al tirar del anillo, est\u00e9 libera aire comprimido a la atm\u00f3sfera de una manera segura. Es bastante raro que alguna vez tenga que entrar en uso una v\u00e1lvula de seguridad, pero es necesario contar con ella para garantizar su propia seguridad.\n<\/p>\n<p><\/font><\/p>\n<p><a href=\"www.starline.com.mx\/site\/?cat=63\"><img decoding=\"async\" class=\"\" src=\"www.starline.com.mx\/site\/wp-content\/uploads\/INTERIOR-VALVULA-SEGURIDAD-e1481760554452.png\" width=\"173\" height=\"279\"><\/a><\/p>\n<p><iframe width=\"560\" height=\"315\" src=\"https:\/\/www.youtube.com\/embed\/KVP_A7eGYxw\" frameborder=\"0\" allowfullscreen=\"\"><\/iframe><br \/>\n<font size=\"6\"><\/p>\n<p align=\"justify\">Es muy importante que su compresor tenga una v\u00e1lvula de seguridad, adem\u00e1s de revisarla peri\u00f3dicamente, principalmente en los compresores viejos. En los tanques de los compresores viejos se va acumulando la corrosi\u00f3n en el metal, debilit\u00e1ndolo de manera que vuelve riesgoso el uso del mismo compresor.<\/p>\n<p>En el video a que est\u00e1 a la derecha podemos observar lo que puede ocurrir en caso de no contar con una v\u00e1lvula de seguridad funcional.\n<\/p>\n<p><\/font><br \/>\n<a class=\"fb-xfbml-parse-ignore\" target=\"_blank\" href=\"https:\/\/www.facebook.com\/sharer\/sharer.php?u=http%3A%2F%2Fwww.starline.com.mx%2F%3Fpage_id%3D2525&amp;src=sdkpreparse\">Compartir<\/a><br \/>\n<a href=\"www.starline.com.mx\/site\/?cat=63\"><img decoding=\"async\" class=\"\" src=\"www.starline.com.mx\/site\/wp-content\/uploads\/IMG_5347.jpg\" width=\"80\" height=\"80\"><\/a><br \/>\n<a href=\"www.starline.com.mx\/site\/?page_id=2538\"><img decoding=\"async\" class=\"\" src=\"www.starline.com.mx\/site\/wp-content\/uploads\/MANTENIMIENTO-e1481934318959.png\" width=\"80\" height=\"80\"><\/a><br \/>\n<a href=\"www.starline.com.mx\/site\/?cat=63\" title=\"\u201dV\u00e1lvulas_de_seguridad_starline\u201d\"><\/p>\n<p align=\"justify\">Visita nuestra secci\u00f3n de v\u00e1lvulas de seguridad<\/p>\n<p><\/a><\/p>\n<p><a href=\"www.starline.com.mx\/site\/?page_id=2538\" title=\"\u201dMantenimiento_v\u00e1lvulas_de_seguridad_starline\u201d\"><\/p>\n<p align=\"justify\">Mantenimineto a una v\u00e1lvula de seguridad<\/p>\n<p><\/a><\/p>\n","protected":false},"excerpt":{"rendered":"<p>En cualquier lugar que usted quiera tener alta presi\u00f3n, ser\u00e1 necesario el uso de una v\u00e1lvula de seguridad (tambi\u00e9n conocida como v\u00e1lvula de alivio de presi\u00f3n). Una v\u00e1lvula seguridad libera aire de manera firme y consistentemente a la atm\u00f3sfera, siempre y cuando la presi\u00f3n de aire dentro del tanque del compresor llegue a ser demasiado [&hellip;]<\/p>\n","protected":false},"author":1,"featured_media":0,"parent":2523,"menu_order":0,"comment_status":"closed","ping_status":"closed","template":"","meta":{"footnotes":""},"class_list":["post-2525","page","type-page","status-publish","hentry"],"_links":{"self":[{"href":"https:\/\/www.starline.com.mx\/site\/wp-json\/wp\/v2\/pages\/2525","targetHints":{"allow":["GET"]}}],"collection":[{"href":"https:\/\/www.starline.com.mx\/site\/wp-json\/wp\/v2\/pages"}],"about":[{"href":"https:\/\/www.starline.com.mx\/site\/wp-json\/wp\/v2\/types\/page"}],"author":[{"embeddable":true,"href":"https:\/\/www.starline.com.mx\/site\/wp-json\/wp\/v2\/users\/1"}],"replies":[{"embeddable":true,"href":"https:\/\/www.starline.com.mx\/site\/wp-json\/wp\/v2\/comments?post=2525"}],"version-history":[{"count":26,"href":"https:\/\/www.starline.com.mx\/site\/wp-json\/wp\/v2\/pages\/2525\/revisions"}],"predecessor-version":[{"id":2573,"href":"https:\/\/www.starline.com.mx\/site\/wp-json\/wp\/v2\/pages\/2525\/revisions\/2573"}],"up":[{"embeddable":true,"href":"https:\/\/www.starline.com.mx\/site\/wp-json\/wp\/v2\/pages\/2523"}],"wp:attachment":[{"href":"https:\/\/www.starline.com.mx\/site\/wp-json\/wp\/v2\/media?parent=2525"}],"curies":[{"name":"wp","href":"https:\/\/api.w.org\/{rel}","templated":true}]}}